True
Let q be 3 + 0 + -7 + 6. Suppose q*o = 2 + 10. Is (o/6)/((-1)/(-14)) a prime number?
False
Let q(y) = 12*y + 8*y - 4*y - 5*y**2 - 16 + 5*y**3 - 5*y. Let d be q(7). Suppose 2*t - d = 3139. Is t prime?
False
Let s = -51181 + 75210. Is s a composite number?
False
Let x(f) = 11056*f**2 - 107*f + 773. Is x(8) prime?
True
Is 27/(-6)*(-1598612)/102 a composite number?
True
Suppose 2*a = 2*s - 18, 4*a + 22 = 2. Let w be (s/((-80)/15))/((-2)/16). Is ((-2)/5)/(w/(-6135)) composite?
False
Suppose -4*h + 5*h = 10. Suppose 5*y - z = 10, -2*y - 9*z + h*z + 1 = 0. Suppose -5*g = -y*f - 6338 - 3332, 0 = 3*g - 3*f - 5808. Is g a composite number?
False
Is 1 + ((-35)/7 - 2) + (3 - -902) a composite number?
True
Let i(q) = q**2 - 3*q + 2. Let c be i(5). Let s be (-2)/(-3) - (-40)/c. Suppose 2*r + s*p - 2642 = 2508, 2*r - p - 5135 = 0. Is r prime?
False
Let d = 1736 - 1023. Is d*5*1/((-15)/(-3)) composite?
True
Suppose 7*k = 2*k - 5, -c + 5*k = -27. Let g(l) = -l**3 + 24*l**2 + 18*l - 102. Is g(c) a prime number?
False
Let a = 134134 - 85581. Is a prime?
False
Let f(z) = -z**2 - 11*z + 4. Let q be f(-11). Suppose -4 = -q*p - 0*p, 0 = -4*y - 2*p + 2010. Suppose 0 = 3*h - h - y. Is h prime?
True
Suppose -5*o + c = -25, 6*c + 37 = 3*o + c. Suppose -l - 4*l + 30425 = -o*p, 2*p - 6085 = -l. Is l composite?
True
Let c(t) = t + 52. Let k(s) = s - 1. Let j(m) = -m**2 - 11*m - 3. Let f be j(0). Let b(i) = f*k(i) + c(i). Is b(9) a prime number?
True
Let h(b) = -b**3 - 10*b**2 - 10*b + 46. Let z be h(-20). Suppose 2*g - 3*y - z = 0, 5*y + 2343 - 8712 = -3*g. Is g a prime number?
False
Let c(u) = u - 17. Let w be c(14). Let t = w - -11. Suppose 1895 = t*g - 449. Is g prime?
True
Suppose 108*l + 120*l - 209*l = 28087833. Is l composite?
True
Let s = -199778 - -437139. Is s a composite number?
False
Let d = 447 + -123. Let w = 923 - d. Is w a prime number?
True
Suppose -3*k + 13 = -5*k - 5*c, 4*k = -4*c + 4. Suppose -k*o = -11*o + 8975. Is o prime?
False
Suppose -1063647 = -16*w - 410863. Is w a composite number?
True
Suppose -2*y = -16 + 76. Let c = y - -48. Let t = 105 + c. Is t a prime number?
False
Let q = 403 + -758. Suppose 5*z = -4*f + 2*f - 3666, -5*f + 1478 = -2*z. Let w = q - z. Is w prime?
True
Let x = 4214 + 27255. Is x prime?
True
Suppose 1 = -4*o - 5*n - 12, 0 = 5*o + 4*n + 14. Is 2/((-12)/6051)*o a prime number?
True
Let a(s) = 28*s**3 + 5*s**2 + 3*s - 3. Is a(2) a prime number?
False
Let f(g) = 873*g**2 + 147*g - 59. Is f(6) prime?
True
Suppose 1554 + 487 = 13*t. Suppose h = t - 153. Suppose 0 = l + 4*l + 2*o - 1859, -5*l + 1853 = h*o. Is l composite?
False
Suppose -39492783 + 14819425 = -34*a. Is a prime?
True
Let d(w) = -w**2 + 5*w - 6. Suppose 0 = 9*v + 16 - 34. Let r be d(v). Suppose -3*t - 4*a + 5131 = 0, -2*t + r*t + 5*a + 3413 = 0. Is t composite?
False
Is -7 + (36*1395 - (-46 + 46)) prime?
False
Suppose 0 = 4*n - 5*n + 5. Suppose 0 = 2*m + 2*d + 3*d + n, 2*m + 4*d + 4 = 0. Is 2/(-10) + (-1233)/(-15) + m prime?
False
Suppose 7*s + 789 = 10*s. Let w(u) = 7*u - 27. Let l be w(-15). Let k = s + l. Is k a composite number?
False
Suppose z - 293067 = 2*c, -5*z + 1320342 + 145015 = c. Is z a composite number?
False
Is (5021/(-4))/(((-29)/87)/(4/1)) a composite number?
True
Let d(o) = 2*o**2 + 25*o - 41. Let i be (-41)/2 - (-6 - 55/(-10)). Is d(i) composite?
True
Suppose -11*w = -13*w + 6. Suppose w*t - 4 - 7175 = 0. Is t a composite number?
False
Let q(l) = 7*l**2 - 16*l + 22. Suppose 3*j + 12 = 0, 4*j - 26 = -b + 2. Suppose -5*z - 4*d + b = -31, z - 5*d = 15. Is q(z) a prime number?
False
Suppose -4 = 4*l, 2 = -10*x + 12*x + 2*l. Is 8/(-4) + x - 3047/(-1) a prime number?
False
Suppose -t + 4907 - 1019 = 0. Suppose -798 = l + 2*o + t, 5*l = -4*o - 23448. Let h = -2719 - l. Is h prime?
True
Suppose -3*c - 7*p + 76528 = -6*p, 3*c + 3*p - 76518 = 0. Is c composite?
True
Let j(v) = v**3 - 19*v**2 + 17*v + 20. Let d be j(18). Suppose -y = -d*s + 385, -s = -2*y - 113 - 84. Suppose 2*g - s = g. Is g a composite number?
False
Let c = 639 + -343. Let y = 38 + c. Is y a composite number?
True
Let r(i) = 45*i**2 - 93*i**2 + 24*i + 12*i + 3*i + 46*i**2 - 2. Is r(9) a prime number?
False
Suppose -2*r - r = -3*m - 9, 3 = 3*r + 3*m. Is (158 - -1)*r/(6/41) a prime number?
False
Let j(q) be the first derivative of -14 + 23/2*q**4 - q - q**2 + 2/3*q**3. Is j(3) composite?
True
Let b(g) = 1060*g**2 + 318*g - 85. Is b(-12) a prime number?
False
Let r be 314104 + 5 - 3*(-2)/3. Suppose -47*j + 24*j = -r. Is j a composite number?
True
Suppose 1423*h - 46752552 - 31831470 = 1225*h. Is h prime?
False
Suppose 78*q - 79*q = -3. Suppose -2*v = 5*o - 29241, 0 = q*o - 4*v + 9*v - 17556. Is o a composite number?
True
Suppose 0 = 3*o - 5*w + 559, -148 + 522 = -2*o + 3*w. Suppose 4*y - 6*y - 1384 = 5*i, 0 = -5*i - 4*y - 1388. Let m = o - i. Is m composite?
False
Let j(g) = 502*g - 17. Let a(o) = o - 1. Let r(v) = -4*a(v) - j(v). Is r(-4) prime?
False
Suppose -2*o = -3*a + 196, 0*o = 5*o + a + 490. Let d = o + 100. Let j(r) = 40*r - 3. Is j(d) a prime number?
False
Let n(u) = 963*u**2 + 60*u - 335. Is n(6) composite?
False
Let q(c) be the second derivative of c**4/12 - 19*c**3/6 + 191*c**2/2 - c - 39. Is q(-25) a composite number?
False
Let z = -22081 - -31078. Let v = z + -3964. Is v a prime number?
False
Let h(o) = -1178*o + 65. Let z be h(-16). Let q = z + -13290. Is q a composite number?
False
Let f = 18819 + -10378. Let s = f + -2692. Is s composite?
False
Let r = -40 + 55. Let z be -2 - 1 - (-4330 + r). Suppose -5*v = 4*a - 4318, 2*a + 2*a + 2*v - z = 0. Is a a composite number?
True
Let i(d) = 5*d - 284. Let g be i(58). Let z(t) = t**3 - 8*t**2 + 7*t + 2. Let l be z(7). Suppose -l*m - g*m = -1016. Is m a composite number?
False
Suppose -15*c + 416753 + 144697 = 0. Suppose 4469 = 13*d - c. Is d composite?
True
Let v(h) = -h**3 - 5*h**2 + 4*h - 12. Let r be v(-6). Let m be 2*(5/2 + r). Suppose -2*j + 369 = m*w + 87, 2*j - 282 = 4*w. Is j a prime number?
False
Let z = 19 + -4. Let d = -181 + 190. Suppose d*m - z*m = -3882. Is m composite?
False
Let q be 2/(-7 - (-30)/4). Let c = -10 - -18. Suppose 5*z - q*g - 11517 = 0, -3*g + c*g - 10 = 0. Is z composite?
True
Let n be (-2 - -2)/((-110)/55). Suppose n = 22*d - 70141 + 12215. Is d a composite number?
False
Let v be 1 - (0 - 1) - (-33 - -29). Suppose -v*b + 40990 = 4*b. Is b a prime number?
True
Let a = -21 + 25. Let f be (2*(-6)/a + 33)*-1. Is (-4896)/f - (-1 + 6/5) prime?
True
Let r be 0/(-8) - ((-1)/(-1) + -3). Suppose r*b - b = 5. Suppose 0 = i + b*o - 209 - 452, -3*o = i - 653. Is i a composite number?
False
Let i(m) = -m**3 - 34*m**2 - 606*m + 43. Is i(-44) prime?
False
Let g be -3*(-14)/105 - 46/(-10). Suppose -4*s + 9 = g*a, 5*a + 2 = 2*s + 35. Is (-1329)/(-12) - s - (-2)/8 a prime number?
False
Let x(c) = 110*c + 75. Let o(y) = -2*y + 43. Let l be o(13). Is x(l) prime?
False
Let b(k) = -815*k**3 + 2*k**2 + k. Let f be b(-1). Suppose 418 = 2*a + 4*c, a + 3*a + 3*c = f. Is a prime?
False
Suppose 4*q + 9 = -b - 4*b, -4*b - 8 = 3*q. Suppose -10584 - 13004 = -q*n. Is n a prime number?
True
Let h(u) = 8*u + 2. Let b be h(1). Suppose -12*s = -b*s - 16. Suppose -3*d - 342 = -4*o - s*d, -8 = -4*d. Is o composite?
False
Suppose -x = j + 1365, 10*j - 2726 = 2*x + 11*j. Is 2/(-2) + 2 - (x - -1) a prime number?
True
Suppose -10142 - 11660 = -11*v. Suppose -9*s - v = -11*s. Is s a composite number?
False
Suppose -22*z - 77784 + 22564 = 0. Let s = z + 3621. Is s a prime number?
False
Let c be 5/(-20) - 5842/(-8). Suppose 0 = -v - 4, z - 91 = 2*z + 4*v. Let t = z + c. Is t composite?
True
Let n be (-2908 - 4)*(-3 - -1). Let p = -3920 + n. Let t = 5211 - p. Is t prime?
True
Let q(j) = 2*j**3 - 4*j**2 - 3*j - 1. Let g be q(9). Let k be ((-2)/3)/(g/1110 + -1). Let v = k + 0. Is v a prime number?
False
Suppose -17*p + 56*p - 18*p = 6641481. Is p a composite number?
True
Let m(k) = -54 + 2*k**2 + 1055*k**3 + 7*k + 22 + 27. Is m(2) prime?
False
Suppose 45 = -40*x + 31*x. Is 2 - (-2 + -1304 + x)*1 prime?
False
Suppose 3*k + 44 = 4*b + b, 2*b + 2*k - 24 = 0. Let o(a) = a**2 - 21*a + 24. Let p be o(b). Is p*1*(-104)/16 + -2 composite?
False
Let f(a) = 59*a + 90. Let t be f(5). Let m = 3699 - t. Is m composite?
True
Suppose 2*w = -55 + 119. Is w/1